mine u(27).
-8
Let s(c) = 7*c**2 + 2*c - 3. Calculate s(2).
29
Let p(n) = 18*n**2 - 3*n - 2. Calculate p(-2).
76
Let l(c) = -c**2 + 2*c + 11. What is l(-3)?
-4
Let h(a) = a + 11. Give h(-10).
1
Let p(q) = -4*q**2 + q - 2. Calculate p(-3).
-41
Let n(r) = -10*r + 62. Give n(7).
-8
Let p(f) = 2*f**3 + 33*f**2 - 18*f - 28. Give p(-17).
-11
Let q(l) = 16*l + 41. Determine q(-3).
-7
Let j(g) = g**3 + 7*g**2 + 9*g + 6. Give j(-6).
-12
Let t(m) = -2*m**2 + 24*m + 324. Determine t(20).
4
Let c(k) = -k**2 + 8*k + 34. What is c(-5)?
-31
Let t(c) = -121*c + 5. What is t(1)?
-116
Let b(o) = o**3 - 2*o**2 - o + 12. What is b(0)?
12
Let n(z) = z**3 - 8*z**2 - 8*z + 7. What is n(9)?
16
Let y(p) = -41*p + 1. What is y(1)?
-40
Let b(u) = 81*u**2 + 3*u + 1. Calculate b(-1).
79
Let s(b) = b**2 + 15*b - 15. Give s(-13).
-41
Let q(u) = 2*u**2 - 34*u - 76. Calculate q(22).
144
Let v(p) = 2*p**3 - 15*p**2 - 8*p + 6. Give v(8).
6
Let r(v) = v**2 - 33*v + 1. What is r(33)?
1
Let g(q) = -2*q - 7. What is g(-9)?
11
Let y(q) = q**2 - 33*q + 256. What is y(13)?
-4
Let c(j) = 7*j - 91. Give c(12).
-7
Let h(t) = -37*t + 49. Calculate h(4).
-99
Let w(q) = -2*q + 8. Calculate w(8).
-8
Let z(w) = 11*w - 2. What is z(1)?
9
Let r(o) = -o + 74. Determine r(42).
32
Let r(a) = -a**2 - 13*a + 27. Calculate r(-14).
13
Let l(y) = -13*y. Determine l(1).
-13
Let u(h) = -2*h + 3. Calculate u(-2).
7
Let g(c) = -c - 7. What is g(21)?
-28
Let i(f) = -8*f**2 - 2*f - 1. Calculate i(-1).
-7
Let r(w) = 6*w + 54. Determine r(-10).
-6
Let u(a) = -a**2 + 4*a - 1. What is u(2)?
3
Let d(f) = 89*f - 30. Give d(1).
59
Let g(a) = -28*a**2 - 2*a + 2. What is g(1)?
-28
Let s(b) = -b**2 - 4*b - 2. What is s(-5)?
-7
Let q(o) = o**2 - 12*o + 28. What is q(5)?
-7
Let p(d) = d**3 + 7*d**2 - 10*d - 15. Calculate p(-8).
1
Let y(r) = -r**2 + 5*r - 6. What is y(9)?
-42
Let y(s) = 3*s + 3. Calculate y(-6).
-15
Let t(j) = -12*j - 6. Give t(-12).
138
Let v(y) = y**2 + 6*y - 114. What is v(8)?
-2
Let w(g) = g + 4. What is w(-8)?
-4
Let d(c) = -c**2 - 2. Determine d(-5).
-27
Let a(u) = u**2 - 6*u + 17. Determine a(5).
12
Let b(h) = 11*h + 11. What is b(-6)?
-55
Let d(c) = c**3 + 2*c**2 + 3*c + 9. Give d(0).
9
Let f(r) = -r**3 + 27*r**2 + 32*r - 102. What is f(28)?
10
Let b(n) = 4*n - 3. What is b(-3)?
-15
Let g(z) = -3*z - 23. Determine g(-10).
7
Let z(p) = 10*p - 212. Give z(21).
-2
Let r(j) = 18*j - 1. What is r(2)?
35
Let m(o) = -o**2 + 21*o - 102. Calculate m(7).
-4
Let z(p) = -p**2 + 14*p - 9. Give z(10).
31
Let w(v) = 2*v + 1. What is w(0)?
1
Let d(u) = 2*u + 2. What is d(-3)?
-4
Let l(r) = r**3 + 6*r**2 - 42*r - 19. What is l(-10)?
1
Let w(c) = -3*c**2 - 23*c + 3. Calculate w(-8).
-5
Let o(c) = 4*c + 97. What is o(-19)?
21
Let m(w) = -2*w**2 + 72*w + 8. Determine m(36).
8
Let n(g) = -g**3 - 30*g**2 - 55*g + 30. Determine n(-28).
2
Let d(s) = -s**2 + 5*s + 1. Calculate d(4).
5
Let n(x) = -x**2 + 13*x - 41. Calculate n(9).
-5
Let f(t) = -t**2 + 23*t - 24. What is f(17)?
78
Let y(k) = 5*k**2 + 7. Calculate y(3).
52
Let j(w) = -w**3 + 8*w**2 + 3*w - 20. Give j(8).
4
Let b(d) = -4*d**2 - d + 3. Determine b(-3).
-30
Let o(p) = -4*p + 96. Calculate o(28).
-16
Let z(a) = a**3 - 47*a**2 - 148*a - 92. Give z(50).
8
Let w(c) = c**3 + 8*c**2 - 12*c + 4. Give w(-9).
31
Let k(b) = b**2 + 19*b + 9. Determine k(-18).
-9
Let c(w) = -w**3 - 4*w**2 + 2*w - 1. What is c(-3)?
-16
Let p(c) = c**3 - 10*c**2 + 22*c - 8. Determine p(7).
-1
Let b(a) = a**3 + 10*a**2 + 12*a - 4. Give b(-3).
23
Let l(j) = 5*j**2 - 1. What is l(-1)?
4
Let y(n) = 6*n + 4. What is y(-8)?
-44
Let d(v) = -22*v**2 - 1. Give d(1).
-23
Let o(x) = -13*x - 51. Give o(-4).
1
Let v(f) = -2*f**3 - 70*f**2 + 73*f + 34. Determine v(-36).
-2
Let s(m) = -29*m - 502. Determine s(-17).
-9
Let c(g) = -g**2 + 9*g + 2. Give c(7).
16
Let b(r) = r**3 - 13*r**2 - 8*r - 41. What is b(14)?
43
Let a(h) = -6*h - 3. Calculate a(3).
-21
Let a(f) = -4*f - 58. Give a(-14).
-2
Let w(f) = -f**3 - 5*f**2 + f + 5. Calculate w(-5).
0
Let o(g) = -g**3 - 22*g**2 + 50*g. Calculate o(-24).
-48
Let h(p) = p + 3. What is h(16)?
19
Let h(b) = -b**2 - 8*b + 9. Determine h(-7).
16
Let j(v) = v**3 - 2*v**2 - 6*v - 4. Give j(-2).
-8
Let a(u) = 2*u - 23. Determine a(17).
11
Let f(v) = -3*v**2 - 54*v - 145. Calculate f(-15).
-10
Let k(d) = -35*d. Calculate k(-1).
35
Let s(p) = -p**3 - 14*p**2 + 5. Give s(-14).
5
Let p(r) = r**3 + 12*r**2 + 11*r + 2. What is p(-11)?
2
Let f(s) = -3*s + 10. Calculate f(11).
-23
Let v(x) = 8*x - 19. Give v(2).
-3
Let p(f) = -f**3 + 24*f**2 - 24*f + 36. What is p(23)?
13
Let u(b) = b**3 + 8*b**2 - 8*b + 13. Calculate u(-9).
4
Let c(d) = -d**3 - 2*d**2 + 5*d - 7. Give c(-6).
107
Let x(k) = -55*k + 23. Give x(1).
-32
Let w(z) = z**3 + 3*z**2 - 3*z - 8. What is w(2)?
6
Let g(i) = 28*i**3 - i**2 - 2*i - 2. Give g(-1).
-29
Let b(y) = -y**3 - 4*y**2 + 7*y - 1. Calculate b(-5).
-11
Let j(t) = t**3 + 29*t**2 + 63*t + 986. Give j(-28).
6
Let q(s) = -s**3 - 5*s**2 + 11*s - 25. Calculate q(-7).
-4
Let k(o) = -o**2 + 26*o - 57. What is k(23)?
12
Let k(h) = h - 18. Give k(15).
-3
Let g(n) = n**2 - 18*n + 2. Give g(18).
2
Let t(f) = f**3 - 24*f**2 + 17*f + 132. Calculate t(23).
-6
Let m(d) = d**2 - 32*d + 2. What is m(31)?
-29
Let c(u) = 9*u**3 - u**2 + 2*u - 1. What is c(1)?
9
Let l(m) = -5*m**3 + 4*m**2 + 4*m - 5. What is l(2)?
-21
Let p(l) = l**3 - 26*l**2 - 57*l + 54. Determine p(28).
26
Let o(u) = 3*u**3 - 2*u**2 - 2*u + 11. Determine o(0).
11
Let t(w) = 3*w + 1. Determine t(-6).
-17
Let g(y) = y**2 - 5*y - 43. What is g(11)?
23
Let v(a) = -a**3 + a**2 - a - 4. Determine v(-4).
80
Let x(w) = 58*w**2 - w. What is x(1)?
57
Let s(t) = t**2 + 9*t - 113. What is s(7)?
-1
Let y(o) = o + 15. Give y(-14).
1
Let q(g) = g**3 - 8*g**2 + 5*g + 12. Calculate q(7).
-2
Let r(d) = 6*d - 61. Give r(12).
11
Let c(m) = -10*m - 2. Calculate c(2).
-22
Let h(n) = n**3 - 8*n**2 - 10*n + 3. Calculate h(9).
-6
Let c(v) = v**3 - 8*v**2 - 2*v - 6. Calculate c(8).
-22
Let z(a) = 2*a**3 + 60*a**2 + 3*a + 75. Calculate z(-30).
-15
Let s(z) = 2*z - 2. Give s(-8).
-18
Let a(i) = i**2 - 3*i + 2. Calculate a(4).
6
Let j(p) = p**2 + 5*p - 4. Determine j(-6).
2
Let s(l) = 47*l - 1031. What is s(22)?
3
Let l(c) = 8*c + 11. Calculate l(8).
75
Let c(o) = -2*o**2 + 7*o + 1. Determine c(3).
4
Let g(m) = 2*m**3 + 16*m**2 + 5*m + 5. What is g(-7)?
68
Let d(n) = 2*n + 2. What is d(26)?
54
Let n(k) = 6*k - 32. Give n(5).
-2
Let r(s) = s**3 + 26*s**2 + 3*s + 56. Calculate r(-26).
-22
Let j(g) = 12*g**3 - 3*g**2 + 3*g - 3. What is j(2)?
87
Let d(j) = -j - 27. Calculate d(0).
-27
Let s(k) = -5*k**2 + 10*k - 4. What is s(2)?
-4
Let n(v) = 2*v**3 + 28*v**2 - 35*v - 68. Determine n(-15).
7
Let u(r) = r**2 + 9*r - 12. Calculate u(-10).
-2
Let f(x) = -x**2 + 18*x - 70. Give f(13).
-5
Let m(j) = -4*j. Calculate m(-1).
4
Let r(q) = -4*q + 46. Give r(12).
-2
Let c(h) = -h**2 - 16*h - 16. Give c(-14).
12
Let f(s) = s + 6. What is f(-4)?
2
Let n(g) = -g**3 + 32*g**2 - 115*g + 79. Give n(28).
-5
Let j(o) = -o**2 - 31*o + 88. Determine j(-37).
-134
Let m(c) = c**3 - 31*c**2 - 26*c - 171. Determine m(32).
21
Let v(l) = -l + 40. Determine v(6).
34
Let b(t) = -27*t + 674. Give b(26).
-28
Let j(h) = -h**2 - 13*h + 20. What is j(-15)?
-10
Let m(f) = 31*f + 4. What is m(-2)?
-58
Let f(s) = -2*s**2 - 9*s - 10. Give f(-4).
-6
Let w(j) = 4*j - 77. Calculate w(19).
-1
Let h(q) = -q**2 + 3*q - 2. What is h(2)?
0
Let b(o) = -2*o**2 - 22*o + 209. What is b(-17)?
5
Let a(n) = -3*n + 73. Determine a(25).
-2
Let c(f) = -8*f - 9. What is c(3)?
-33
Let r(f) = f**3 + f**2 - f + 48. Calculate r(0).
48
Let y(q) = 3*q**2 + 6*q + 1. Determine y(-4).
25
Let x(a) = -a**3 - 8*a**2 - 2*a + 12. What is x(-6)?
-48
Let m(s) = s**2 - 31*s + 80. What is m(27)?
-28
Let f(g) = 3*g**2 - 5*g - 1. What is f(-1)?
7
Let f(p) = -p**3 + 5*p**2 + p - 20. What is f(6)?
-50
Let s(o) = -3*o**2 - 7*o. Give s(3).
-48
Let w(a) = -2*a**2 - 7*a + 5. Determine w(-4).
1
Let a(q) = -q**3 - 4*q**2 + 2*q + 2. What is a(-5)?
17
Let f(z) = -z**2 - 31*z - 15. Determine f(-29).
43
Let y(i) = -i**2 + 7*i - 16. What is y(11)?
-60
Let t(f) = f**3 - 25*f**2 - 26*f - 38. Calculate t(26).
-38
Let p(g) = -g**2 + 5*g - 6. What is p(5)?
-6
Let y(o) = -12*o - 8. What is y(-6)?
64
Let t(v) = -v**3 + 29*v**2 